{"id":323,"date":"2021-07-20T10:32:58","date_gmt":"2021-07-20T10:32:58","guid":{"rendered":"http:\/\/victorwetzel.fr\/?page_id=323"},"modified":"2025-11-30T09:46:46","modified_gmt":"2025-11-30T09:46:46","slug":"about","status":"publish","type":"page","link":"https:\/\/victorwetzel.fr\/?page_id=323","title":{"rendered":"\u00c0 propos"},"content":{"rendered":"\n<div class=\"wp-block-columns is-layout-flex wp-container-core-columns-is-layout-9d6595d7 wp-block-columns-is-layout-flex\">\n<div class=\"wp-block-column is-layout-flow wp-block-column-is-layout-flow\" style=\"flex-basis:33.33%\">\n<figure class=\"wp-block-image size-large\"><img loading=\"lazy\" decoding=\"async\" width=\"717\" height=\"1024\" src=\"http:\/\/victorwetzel.fr\/wp-content\/uploads\/2023\/08\/DSC00060@0.5x-717x1024.jpg\" alt=\"\" class=\"wp-image-1123\" srcset=\"https:\/\/victorwetzel.fr\/wp-content\/uploads\/2023\/08\/DSC00060@0.5x-717x1024.jpg 717w, https:\/\/victorwetzel.fr\/wp-content\/uploads\/2023\/08\/DSC00060@0.5x-210x300.jpg 210w, https:\/\/victorwetzel.fr\/wp-content\/uploads\/2023\/08\/DSC00060@0.5x-768x1096.jpg 768w, https:\/\/victorwetzel.fr\/wp-content\/uploads\/2023\/08\/DSC00060@0.5x-1076x1536.jpg 1076w, https:\/\/victorwetzel.fr\/wp-content\/uploads\/2023\/08\/DSC00060@0.5x-1435x2048.jpg 1435w, https:\/\/victorwetzel.fr\/wp-content\/uploads\/2023\/08\/DSC00060@0.5x-scaled.jpg 1793w\" sizes=\"auto, (max-width: 717px) 100vw, 717px\" \/><\/figure>\n<\/div>\n\n\n\n<div class=\"wp-block-column is-layout-flow wp-block-column-is-layout-flow\" style=\"flex-basis:66.66%\">\n<p>Victor est un compositeur, chanteur, et docteur en acoustique. D\u00e8s le coll\u00e8ge, il int\u00e8gre la Ma\u00eetrise de Radio France, puis poursuit son activit\u00e9 de choriste au ch\u0153ur de l\u2019orchestre de Paris et \u00e9tudie le chant avec L\u00e9a Sarfati. Au lyc\u00e9e, il d\u00e9veloppe assez t\u00f4t un go\u00fbt pour la musique \u00e9lectroacoustique, qu\u2019il \u00e9tudie aujourd\u2019hui avec Paul Ramage et Jonathan Prager au p\u00f4le sup\u00e9rieur de Paris Boulogne-Billancourt (PSPBB). \u00c0 l\u2019universit\u00e9, apr\u00e8s une double licence sciences et musicologie, puis un master en acoustique musicale, il s\u2019engage dans une <a href=\"https:\/\/victorwetzel.fr\/?page_id=883\" target=\"_blank\" rel=\"noopener\" title=\"th\u00e8se de doctorat\">th\u00e8se de doctorat<\/a> \u00e0 l\u2019IRCAM, qu\u2019il a <a href=\"https:\/\/www.youtube.com\/watch?v=f0rJ8N-eE_0\" target=\"_blank\" rel=\"noopener\" title=\"soutenu en 2021\">soutenue en 2021<\/a>. <\/p>\n\n\n\n<p>Aujourd\u2019hui, Victor travaille avec des institutions comme La Muse en Circuit et l\u2019Orchestre de Chambre de Paris pour des projets de composition ou des projets p\u00e9dagogiques autour de la cr\u00e9ation sonore. Il est enseignant en ing\u00e9nierie du son au conservatoire d\u2019Issy-Vanves. En 2024, il devient professeur de composition \u00e9lectroacoustique au conservatoire de Vitry-sur-Seine.<\/p>\n<\/div>\n<\/div>\n\n\n\n<p>En 2021, il est laur\u00e9at et prix du public du concours <a href=\"http:\/\/www.tpmc-paris.com\/competitions\/\" target=\"_blank\" rel=\"noopener\" title=\"Petites formes\">Petites formes<\/a> organis\u00e9 par l\u2019association tout pour la musique contemporaine (TPMC). Ses pi\u00e8ces sont jou\u00e9es en France, aux \u00c9tats-Unis, \u00e0 Taiwan et au Japon. Il travaille aussi pour l\u2019image, notamment avec le court-m\u00e9trage <a href=\"https:\/\/victorwetzel.fr\/?p=865\" target=\"_blank\" rel=\"noopener\" title=\"Mauvaises Herbes\">Mauvaises Herbes<\/a> (\u00c9lodie Ferrer), s\u00e9lectionn\u00e9 aux festivals internationaux Fest An\u010da (Slovaquie) et Animafest (Croatie). Victor s\u2019int\u00e9resse aussi aux disciplines visuelles comme la photographie, le dessin et le cin\u00e9ma.<\/p>\n\n\n\n<p>Il r\u00e9alise des commandes pour La Muse en Circuit (Les v\u00e9los sonores), le festival Futura (<em>M\u00e9moires Hyperbor\u00e9ennes)<\/em>, et le conservatoire de Persan (<em>Interf\u00e9rences<\/em>). Encore engag\u00e9 dans le milieu universitaire, il intervient dans des s\u00e9minaires de recherche et des conf\u00e9rences musicologiques (EMS 2025, s\u00e9minaires <em>Silences !<\/em>).<\/p>\n","protected":false},"excerpt":{"rendered":"<p>Victor est un compositeur, chanteur, et docteur en acoustique. D\u00e8s le coll\u00e8ge, il int\u00e8gre la Ma\u00eetrise de Radio France, puis poursuit son activit\u00e9 de choriste au ch\u0153ur de l\u2019orchestre de Paris et \u00e9tudie le chant avec L\u00e9a Sarfati. Au lyc\u00e9e, il d\u00e9veloppe assez t\u00f4t un go\u00fbt pour la musique \u00e9lectroacoustique, qu\u2019il \u00e9tudie aujourd\u2019hui avec Paul [&hellip;]<\/p>\n","protected":false},"author":1,"featured_media":0,"parent":0,"menu_order":0,"comment_status":"closed","ping_status":"closed","template":"","meta":{"material-hide-sections":[],"footnotes":""},"class_list":["post-323","page","type-page","status-publish","hentry"],"aioseo_notices":[],"jetpack_sharing_enabled":true,"_links":{"self":[{"href":"https:\/\/victorwetzel.fr\/index.php?rest_route=\/wp\/v2\/pages\/323","targetHints":{"allow":["GET"]}}],"collection":[{"href":"https:\/\/victorwetzel.fr\/index.php?rest_route=\/wp\/v2\/pages"}],"about":[{"href":"https:\/\/victorwetzel.fr\/index.php?rest_route=\/wp\/v2\/types\/page"}],"author":[{"embeddable":true,"href":"https:\/\/victorwetzel.fr\/index.php?rest_route=\/wp\/v2\/users\/1"}],"replies":[{"embeddable":true,"href":"https:\/\/victorwetzel.fr\/index.php?rest_route=%2Fwp%2Fv2%2Fcomments&post=323"}],"version-history":[{"count":10,"href":"https:\/\/victorwetzel.fr\/index.php?rest_route=\/wp\/v2\/pages\/323\/revisions"}],"predecessor-version":[{"id":2055,"href":"https:\/\/victorwetzel.fr\/index.php?rest_route=\/wp\/v2\/pages\/323\/revisions\/2055"}],"wp:attachment":[{"href":"https:\/\/victorwetzel.fr\/index.php?rest_route=%2Fwp%2Fv2%2Fmedia&parent=323"}],"curies":[{"name":"wp","href":"https:\/\/api.w.org\/{rel}","templated":true}]}}

À propos

<div class="wp-block-columns is-layout-flex wp-container-core-columns-is-layout-9d6595d7 wp-block-columns-is-layout-flex">
<div class="wp-block-column is-layout-flow wp-block-column-is-layout-flow" style="flex-basis:33.33%">
<figure class="wp-block-image size-large"><img loading="lazy" decoding="async" width="717" height="1024" src="http://victorwetzel.fr/wp-content/uploads/2023/08/DSC00060@0.5x-717x1024.jpg" alt="" class="wp-image-1123" srcset="https://victorwetzel.fr/wp-content/uploads/2023/08/DSC00060@0.5x-717x1024.jpg 717w, https://victorwetzel.fr/wp-content/uploads/2023/08/DSC00060@0.5x-210x300.jpg 210w, https://victorwetzel.fr/wp-content/uploads/2023/08/DSC00060@0.5x-768x1096.jpg 768w, https://victorwetzel.fr/wp-content/uploads/2023/08/DSC00060@0.5x-1076x1536.jpg 1076w, https://victorwetzel.fr/wp-content/uploads/2023/08/DSC00060@0.5x-1435x2048.jpg 1435w, https://victorwetzel.fr/wp-content/uploads/2023/08/DSC00060@0.5x-scaled.jpg 1793w" sizes="auto, (max-width: 717px) 100vw, 717px" /></figure>
</div>



<div class="wp-block-column is-layout-flow wp-block-column-is-layout-flow" style="flex-basis:66.66%">
<p>Victor est un compositeur, chanteur, et docteur en acoustique. Dès le collège, il intègre la Maîtrise de Radio France, puis poursuit son activité de choriste au chœur de l’orchestre de Paris et étudie le chant avec Léa Sarfati. Au lycée, il développe assez tôt un goût pour la musique électroacoustique, qu’il étudie aujourd’hui avec Paul Ramage et Jonathan Prager au pôle supérieur de Paris Boulogne-Billancourt (PSPBB). À l’université, après une double licence sciences et musicologie, puis un master en acoustique musicale, il s’engage dans une <a href="https://victorwetzel.fr/?page_id=883" target="_blank" rel="noopener" title="thèse de doctorat">thèse de doctorat</a> à l’IRCAM, qu’il a <a href="https://www.youtube.com/watch?v=f0rJ8N-eE_0" target="_blank" rel="noopener" title="soutenu en 2021">soutenue en 2021</a>. </p>



<p>Aujourd’hui, Victor travaille avec des institutions comme La Muse en Circuit et l’Orchestre de Chambre de Paris pour des projets de composition ou des projets pédagogiques autour de la création sonore. Il est enseignant en ingénierie du son au conservatoire d’Issy-Vanves. En 2024, il devient professeur de composition électroacoustique au conservatoire de Vitry-sur-Seine.</p>
</div>
</div>



<p>En 2021, il est lauréat et prix du public du concours <a href="http://www.tpmc-paris.com/competitions/" target="_blank" rel="noopener" title="Petites formes">Petites formes</a> organisé par l’association tout pour la musique contemporaine (TPMC). Ses pièces sont jouées en France, aux États-Unis, à Taiwan et au Japon. Il travaille aussi pour l’image, notamment avec le court-métrage <a href="https://victorwetzel.fr/?p=865" target="_blank" rel="noopener" title="Mauvaises Herbes">Mauvaises Herbes</a> (Élodie Ferrer), sélectionné aux festivals internationaux Fest Anča (Slovaquie) et Animafest (Croatie). Victor s’intéresse aussi aux disciplines visuelles comme la photographie, le dessin et le cinéma.</p>



<p>Il réalise des commandes pour La Muse en Circuit (Les vélos sonores), le festival Futura (<em>Mémoires Hyperboréennes)</em>, et le conservatoire de Persan (<em>Interférences</em>). Encore engagé dans le milieu universitaire, il intervient dans des séminaires de recherche et des conférences musicologiques (EMS 2025, séminaires <em>Silences !</em>).</p>

<p>Victor est un compositeur, chanteur, et docteur en acoustique. Dès le collège, il intègre la Maîtrise de Radio France, puis poursuit son activité de choriste au chœur de l’orchestre de Paris et étudie le chant avec Léa Sarfati. Au lycée, il développe assez tôt un goût pour la musique électroacoustique, qu’il étudie aujourd’hui avec Paul [&hellip;]</p>
